t w be 767/5 - (-4)/(-10). Let a be (3 - w/(-3)) + 3. Calculate the greatest common factor of x and a.
19
Let o(l) be the first derivative of -l**4/4 - l**2 + 18*l - 6. Let f be o(0). Calculate the highest common divisor of 72 and f.
18
Let a = 7 - 0. Suppose -2*d - 80 = -a*d. Let h = d + -1. What is the highest common factor of h and 6?
3
Let u be (-86 + 16)*(1 + 0)*-1. Suppose -3*l = -5*l + 140. Suppose -2*w + 7*w = l. What is the greatest common factor of u and w?
14
Suppose 2*k - 7 + 1 = 0. Suppose 4*f + 2*y - 18 = 0, -y = k*f + y - 15. Suppose -f*s - 12 = -7*s. Calculate the highest common factor of s and 24.
3
Suppose 0 = 110*s - 114*s + 432. Calculate the highest common divisor of 24 and s.
12
Let t(i) = 3*i**2 - 4*i + 2. Let b be t(4). What is the greatest common divisor of b and 51?
17
Suppose 3*q + 5*k - 380 = -38, -2*q + 4*k + 228 = 0. Let x be (8/(-6))/(-4) + q/9. What is the highest common divisor of x and 13?
13
Let f = 281 + -191. Suppose 0 = 4*q + b - 65, 5*b - 6*b + 5 = 0. What is the greatest common divisor of f and q?
15
Suppose -2*g - 26 = -68. Let y = 553 - 448. What is the highest common divisor of g and y?
21
Let w = -574 - -684. What is the greatest common divisor of 88 and w?
22
Let y be (23 + 4)/(-3) + 47. What is the greatest common factor of y and 779?
19
Let y be 1 - (-14)/(-18) - 340/(-90). Suppose 0 = 2*j - 3*j + p, 2*p = -y*j + 18. Calculate the highest common factor of 21 and j.
3
Suppose 15*f = 13*f - 8, 5*t - 5*f = 1235. Let m(g) = 13*g + 1. Let h be m(2). What is the highest common divisor of t and h?
27
Let a = -18 - -18. Let x = 20 - a. Suppose -6*u + x = -5*u. Calculate the greatest common factor of 180 and u.
20
Let d be 73/6 - (-22 - 3059/(-138)). Let t be ((-4)/6)/((-2)/54). What is the greatest common divisor of t and d?
6
Suppose 0 = 2*y - y - 4*v + 6, 12 = -4*y + 4*v. Let f(m) = -m**3. Let d be f(y). Let l be d + -1*(3 + -2). What is the highest common factor of l and 28?
7
Let o be (-765)/(-25)*80/12. Calculate the highest common factor of 68 and o.
68
Suppose -39*c + 519 = -300. What is the greatest common factor of 525 and c?
21
Let a be (38/95)/(2 - 357/180). What is the greatest common factor of 9 and a?
3
Suppose 12*b - 60*b + 2688 = 0. Calculate the highest common divisor of 14 and b.
14
Let c be (150/(-4))/(15/(-40) + 0). Calculate the greatest common factor of c and 4.
4
Let h = 1040 + -33. What is the greatest common factor of 57 and h?
19
Suppose 4*o + 2*t = 8, -4*o + 2*t - 5*t = -6. Suppose -92 = -2*j - 3*z + 7*z, -o*j - 4*z + 188 = 0. What is the greatest common divisor of j and 616?
56
Let b = 515 - 56. Calculate the greatest common divisor of b and 27.
27
Suppose 0 = 23*h - 24*h + 329. Calculate the greatest common divisor of 94 and h.
47
Let i be -20*(-14)/8*1. Let w(x) = 5*x**2 + 16*x - 2. Let f be (-2)/(-4) - 1/(2/9). Let t be w(f). Calculate the highest common factor of t and i.
7
Suppose 70 + 245 = 3*r. What is the greatest common factor of 45 and r?
15
Let d = -569 - -651. Let c be (1 - 0)*(-205)/(-1). What is the highest common factor of d and c?
41
Let l = 17 + -18. Let d(f) = 12*f**2 - 2*f + 1. Let h be d(l). Let p = -4 - -14. Calculate the greatest common divisor of h and p.
5
Suppose -4*t = -w + 36, 0 = w - 3*t - 0*t - 32. Let f be 18 + (-3)/(6/(-4)). Calculate the greatest common divisor of f and w.
20
Suppose -3*f + 5*v + 473 = f, -4*v - 356 = -3*f. Let q be 4/10 - f/(-20). Suppose 0 = 10*b - q*b - 48. Calculate the highest common factor of 3 and b.
3
Let i(d) = 99*d + 299. Let g be i(4). What is the greatest common divisor of 5 and g?
5
Suppose 3*r = 2*x + 32, -x + 0*x - 12 = -r. Let j(y) = 2*y**2 - 11*y + 2. Let l be j(r). What is the greatest common factor of l and 378?
42
Suppose -4*b - 2*u + 21 = -227, -2*b + 5*u = -100. Calculate the greatest common factor of b and 100.
20
Let c(b) = 26*b + 2. Let i be c(2). Let g = -7922 + 7928. What is the highest common divisor of i and g?
6
Let b(n) = -n**3 - 2*n**2 + 3. Let x = 24 + -14. Suppose x = 3*s + 19. Let l be b(s). Calculate the greatest common divisor of l and 84.
12
Let q(k) = -131*k + 1. Let l be (4/8)/(1 + 6/(-4)). Let i be q(l). Calculate the highest common factor of i and 12.
12
Suppose 6 = 17*y - 15*y. Suppose 2*p + 4*b - 6 = 0, 0 = y*p + b - 4*b - 27. What is the highest common divisor of p and 7?
7
Suppose 42*w - 2 = 40*w. Let m be -5 + 0 + (56 - w). What is the greatest common divisor of m and 400?
50
Let n = -2 - -5. Let s = 424 + -343. Suppose 4*l + 2*k = 3*k + s, -3*k + 42 = n*l. Calculate the greatest common factor of 152 and l.
19
Let j = -25 + 45. What is the highest common factor of j and 90?
10
Suppose -4*t + 8 = -2*g, -g = 2*t + 5 - 13. Suppose 4 = -5*y + y. Let c be g*y/(-2 + 1). What is the greatest common divisor of 16 and c?
2
Let i = -31 + 37. Suppose 0 = 4*z - 8*z. Suppose 0 = 3*h - 3*f + i, z + 1 = 2*h - f. Calculate the greatest common divisor of h and 3.
3
Suppose -6*m + m = p - 4, -3*p + 5*m = -12. Let l = -142 + 154. Calculate the greatest common factor of l and p.
4
Let l = 314 - 134. What is the greatest common factor of 20 and l?
20
Let m = 665 - -234. What is the greatest common factor of m and 124?
31
Let v(r) = -r**3 - 3*r**2 + 7*r + 12. Let g be v(9). Let u = g - -1425. What is the highest common factor of 48 and u?
48
Let x = -300 - -316. Calculate the highest common divisor of 4 and x.
4
Let j = -3 - -6. Let l(p) = -p**3 + 6*p**2 - 4. Let x be (2/6)/((-10)/(-150)). Let k be l(x). Calculate the greatest common divisor of j and k.
3
Suppose -3*p = 4*v - 22, -3*p + 3*v - 3 - 3 = 0. Calculate the highest common factor of p and 21.
1
Suppose -15*p = -20*p + 20. Let i be (1/2)/(p/256). What is the greatest common factor of 8 and i?
8
Let r(l) = 2*l**2 + 44*l - 129. Let x be r(-35). Calculate the highest common divisor of 71 and x.
71
Let x be (-34)/4*(-4 - 6/3). Let t = 32 - 15. What is the greatest common divisor of x and t?
17
Suppose 85*s - 74*s = 4147. What is the greatest common divisor of 52 and s?
13
Let q(g) = -2*g + 12. Let o be q(-24). What is the greatest common factor of 3 and o?
3
Let k be (-6)/(-1 + 4) + -4. Let w be 5*6*(-4)/k. Calculate the highest common divisor of w and 180.
20
Let i be ((-132)/(-55))/(46/(-50) - -1). Let q be (1/(-2)*-2)/(i/2730). Calculate the highest common factor of q and 13.
13
Let v = 858 + -852. Let i(o) = -4*o**3 - 1. Let x be i(1). Let b = v + x. What is the highest common divisor of b and 5?
1
Let z be (-5)/(3 - 224/74). Let d = -125 + z. Calculate the highest common factor of d and 20.
20
Suppose 4*a = 4, 4*j - 2*a + 29 = -a. Let d be 12/42 - 75/j. What is the highest common divisor of d and 77?
11
Let o(g) = -5*g**3 + 2*g**2 + 3. Let u be o(-2). Suppose q + r = -0*q + 13, u = 4*q + 3*r. Calculate the highest common divisor of q and 12.
12
Let c(j) = 17*j**2 + 92*j + 65. Let a(o) = 8*o**2 + 46*o + 33. Let u(x) = -13*a(x) + 6*c(x). Let q be u(-22). Calculate the highest common factor of 45 and q.
5
Let y(r) = -35*r - 15. Let w be y(-2). Let t be (w + 5)*(-12)/(-15) - -2. Calculate the highest common divisor of 20 and t.
10
Suppose -2*q - 2*q + 48 = 0. Let m = -510 - -546. What is the greatest common factor of m and q?
12
Let y(l) = -l**3 - 7*l**2 + 26*l + 96. Let x be y(-9). Calculate the greatest common divisor of x and 42.
6
Suppose -24*q + 52 = -20*q. Calculate the greatest common factor of 104 and q.
13
Let c(z) = -22*z**2 + 132*z + 5. Let b be c(6). Let q(w) = 4 - 4*w - w**3 + 8*w**2 - 2*w**2 + 1. Let n be q(b). Calculate the highest common divisor of 5 and n.
5
Let w be 44/9 + 3/27. What is the greatest common factor of 35 and w?
5
Suppose -g + 354 = -9. Let p = 657 + g. Let d be (-1)/(-4) + p/16. What is the greatest common factor of d and 8?
8
Let i be (-1504)/(-10) - 2/5. Let h = 946 - 931. What is the highest common factor of h and i?
15
Let d = 5 + 2. Let a = d - -14. Suppose 0 = -4*q + 14 + 14. What is the highest common divisor of q and a?
7
Suppose 3*g - 9 = 0, 7*z = 3*z + 4*g + 8. Suppose 4*x + 1 = -2*w + z, 5*x = -w - 7. Let y = -492 - -493. What is the greatest common divisor of y and w?
1
Let p = 96 + -40. Let y(l) = -15*l**3 - 20*l**2 - 4*l - 6. Let s be y(-2). Calculate the highest common divisor of s and p.
14
Suppos